{"id":133,"date":"2022-06-25T22:17:13","date_gmt":"2022-06-25T20:17:13","guid":{"rendered":"https:\/\/terakids.pl\/?page_id=133"},"modified":"2024-12-01T20:31:36","modified_gmt":"2024-12-01T19:31:36","slug":"tera-kids-rybnik","status":"publish","type":"page","link":"https:\/\/terakids.pl\/?page_id=133","title":{"rendered":"Niepubliczne Przedszkole Tera-Kids w Rybniku"},"content":{"rendered":"\t\t<div data-elementor-type=\"wp-page\" data-elementor-id=\"133\" class=\"elementor elementor-133\">\n\t\t\t\t\t\t\t\t\t<section class=\"elementor-section elementor-top-section elementor-element elementor-element-f1aaf4a elementor-section-boxed elementor-section-height-default elementor-section-height-default\" data-id=\"f1aaf4a\" data-element_type=\"section\" data-settings=\"{&quot;background_background&quot;:&quot;gradient&quot;}\">\n\t\t\t\t\t\t<div class=\"elementor-container elementor-column-gap-default\">\n\t\t\t\t\t<div class=\"elementor-column elementor-col-100 elementor-top-column elementor-element elementor-element-34ca367\" data-id=\"34ca367\" data-element_type=\"column\">\n\t\t\t<div class=\"elementor-widget-wrap elementor-element-populated\">\n\t\t\t\t\t\t\t\t<div class=\"elementor-element elementor-element-58f6233 elementor-widget elementor-widget-heading\" data-id=\"58f6233\" data-element_type=\"widget\" data-widget_type=\"heading.default\">\n\t\t\t\t<div class=\"elementor-widget-container\">\n\t\t\t<style>\/*! elementor - v3.6.6 - 08-06-2022 *\/\n.elementor-heading-title{padding:0;margin:0;line-height:1}.elementor-widget-heading .elementor-heading-title[class*=elementor-size-]>a{color:inherit;font-size:inherit;line-height:inherit}.elementor-widget-heading .elementor-heading-title.elementor-size-small{font-size:15px}.elementor-widget-heading .elementor-heading-title.elementor-size-medium{font-size:19px}.elementor-widget-heading .elementor-heading-title.elementor-size-large{font-size:29px}.elementor-widget-heading .elementor-heading-title.elementor-size-xl{font-size:39px}.elementor-widget-heading .elementor-heading-title.elementor-size-xxl{font-size:59px}<\/style><h2 class=\"elementor-heading-title elementor-size-default\">Niepubliczne Przedszkole TERA-KIDS w Rybniku<\/h2>\t\t<\/div>\n\t\t\t\t<\/div>\n\t\t\t\t\t<\/div>\n\t\t<\/div>\n\t\t\t\t\t\t\t<\/div>\n\t\t<\/section>\n\t\t\t\t<section class=\"elementor-section elementor-top-section elementor-element elementor-element-e3264ef elementor-section-boxed elementor-section-height-default elementor-section-height-default\" data-id=\"e3264ef\" data-element_type=\"section\">\n\t\t\t\t\t\t<div class=\"elementor-container elementor-column-gap-default\">\n\t\t\t\t\t<div class=\"elementor-column elementor-col-100 elementor-top-column elementor-element elementor-element-90c4dec\" data-id=\"90c4dec\" data-element_type=\"column\">\n\t\t\t<div class=\"elementor-widget-wrap elementor-element-populated\">\n\t\t\t\t\t\t\t\t<div class=\"elementor-element elementor-element-3071273 elementor-widget elementor-widget-image\" data-id=\"3071273\" data-element_type=\"widget\" data-widget_type=\"image.default\">\n\t\t\t\t<div class=\"elementor-widget-container\">\n\t\t\t<style>\/*! elementor - v3.6.6 - 08-06-2022 *\/\n.elementor-widget-image{text-align:center}.elementor-widget-image a{display:inline-block}.elementor-widget-image a img[src$=\".svg\"]{width:48px}.elementor-widget-image img{vertical-align:middle;display:inline-block}<\/style>\t\t\t\t\t\t\t\t\t\t\t\t<img width=\"1086\" height=\"1536\" src=\"https:\/\/terakids.pl\/wp-content\/uploads\/2024\/12\/104x-1086x1536.png\" class=\"attachment-1536x1536 size-1536x1536\" alt=\"\" loading=\"lazy\" srcset=\"https:\/\/terakids.pl\/wp-content\/uploads\/2024\/12\/104x-1086x1536.png 1086w, https:\/\/terakids.pl\/wp-content\/uploads\/2024\/12\/104x-212x300.png 212w, https:\/\/terakids.pl\/wp-content\/uploads\/2024\/12\/104x-724x1024.png 724w, https:\/\/terakids.pl\/wp-content\/uploads\/2024\/12\/104x-768x1086.png 768w, https:\/\/terakids.pl\/wp-content\/uploads\/2024\/12\/104x-1448x2048.png 1448w, https:\/\/terakids.pl\/wp-content\/uploads\/2024\/12\/104x-1200x1698.png 1200w, https:\/\/terakids.pl\/wp-content\/uploads\/2024\/12\/104x.png 1587w\" sizes=\"(max-width: 1086px) 100vw, 1086px\" \/>\t\t\t\t\t\t\t\t\t\t\t\t\t\t\t<\/div>\n\t\t\t\t<\/div>\n\t\t\t\t<div class=\"elementor-element elementor-element-11a37c9 elementor-widget elementor-widget-image\" data-id=\"11a37c9\" data-element_type=\"widget\" data-widget_type=\"image.default\">\n\t\t\t\t<div class=\"elementor-widget-container\">\n\t\t\t\t\t\t\t\t\t\t\t\t\t\t\t<img width=\"1086\" height=\"1536\" src=\"https:\/\/terakids.pl\/wp-content\/uploads\/2024\/12\/105x-1086x1536.png\" class=\"attachment-1536x1536 size-1536x1536\" alt=\"\" loading=\"lazy\" srcset=\"https:\/\/terakids.pl\/wp-content\/uploads\/2024\/12\/105x-1086x1536.png 1086w, https:\/\/terakids.pl\/wp-content\/uploads\/2024\/12\/105x-212x300.png 212w, https:\/\/terakids.pl\/wp-content\/uploads\/2024\/12\/105x-724x1024.png 724w, https:\/\/terakids.pl\/wp-content\/uploads\/2024\/12\/105x-768x1086.png 768w, https:\/\/terakids.pl\/wp-content\/uploads\/2024\/12\/105x-1448x2048.png 1448w, https:\/\/terakids.pl\/wp-content\/uploads\/2024\/12\/105x-1200x1698.png 1200w, https:\/\/terakids.pl\/wp-content\/uploads\/2024\/12\/105x.png 1587w\" sizes=\"(max-width: 1086px) 100vw, 1086px\" \/>\t\t\t\t\t\t\t\t\t\t\t\t\t\t\t<\/div>\n\t\t\t\t<\/div>\n\t\t\t\t\t<\/div>\n\t\t<\/div>\n\t\t\t\t\t\t\t<\/div>\n\t\t<\/section>\n\t\t\t\t<section class=\"elementor-section elementor-top-section elementor-element elementor-element-73bdd13 elementor-section-boxed elementor-section-height-default elementor-section-height-default\" data-id=\"73bdd13\" data-element_type=\"section\">\n\t\t\t\t\t\t<div class=\"elementor-container elementor-column-gap-default\">\n\t\t\t\t\t<div class=\"elementor-column elementor-col-100 elementor-top-column elementor-element elementor-element-69344c2\" data-id=\"69344c2\" data-element_type=\"column\">\n\t\t\t<div class=\"elementor-widget-wrap elementor-element-populated\">\n\t\t\t\t\t\t\t\t<div class=\"elementor-element elementor-element-02f7363 elementor-widget elementor-widget-text-editor\" data-id=\"02f7363\" data-element_type=\"widget\" data-widget_type=\"text-editor.default\">\n\t\t\t\t<div class=\"elementor-widget-container\">\n\t\t\t<style>\/*! elementor - v3.6.6 - 08-06-2022 *\/\n.elementor-widget-text-editor.elementor-drop-cap-view-stacked .elementor-drop-cap{background-color:#818a91;color:#fff}.elementor-widget-text-editor.elementor-drop-cap-view-framed .elementor-drop-cap{color:#818a91;border:3px solid;background-color:transparent}.elementor-widget-text-editor:not(.elementor-drop-cap-view-default) .elementor-drop-cap{margin-top:8px}.elementor-widget-text-editor:not(.elementor-drop-cap-view-default) .elementor-drop-cap-letter{width:1em;height:1em}.elementor-widget-text-editor .elementor-drop-cap{float:left;text-align:center;line-height:1;font-size:50px}.elementor-widget-text-editor .elementor-drop-cap-letter{display:inline-block}<\/style>\t\t\t\t<p>Kontakt<\/p>\t\t\t\t\t\t<\/div>\n\t\t\t\t<\/div>\n\t\t\t\t<div class=\"elementor-element elementor-element-47ba5a5 elementor-widget elementor-widget-text-editor\" data-id=\"47ba5a5\" data-element_type=\"widget\" data-widget_type=\"text-editor.default\">\n\t\t\t\t<div class=\"elementor-widget-container\">\n\t\t\t\t\t\t\t<p>Niepubliczne Przedszkole TERA-KIDS w Rybniku<\/p>\n<p>ul. Osiedle Po\u0142udnie 57 b i 58 b<\/p>\n<p>44-253 Rybnik<\/p>\n<p>e-mail: terakidsrybnik@gmail.com<\/p>\t\t\t\t\t\t<\/div>\n\t\t\t\t<\/div>\n\t\t\t\t\t<\/div>\n\t\t<\/div>\n\t\t\t\t\t\t\t<\/div>\n\t\t<\/section>\n\t\t\t\t<section class=\"elementor-section elementor-top-section elementor-element elementor-element-f54a5d7 elementor-section-boxed elementor-section-height-default elementor-section-height-default\" data-id=\"f54a5d7\" data-element_type=\"section\" data-settings=\"{&quot;background_background&quot;:&quot;gradient&quot;}\">\n\t\t\t\t\t\t<div class=\"elementor-container elementor-column-gap-default\">\n\t\t\t\t\t<div class=\"elementor-column elementor-col-20 elementor-top-column elementor-element elementor-element-da98b95\" data-id=\"da98b95\" data-element_type=\"column\">\n\t\t\t<div class=\"elementor-widget-wrap\">\n\t\t\t\t\t\t\t\t\t<\/div>\n\t\t<\/div>\n\t\t\t\t<div class=\"elementor-column elementor-col-20 elementor-top-column elementor-element elementor-element-27de881\" data-id=\"27de881\" data-element_type=\"column\">\n\t\t\t<div class=\"elementor-widget-wrap elementor-element-populated\">\n\t\t\t\t\t\t\t\t<div class=\"elementor-element elementor-element-6038c93 elementor-widget elementor-widget-image\" data-id=\"6038c93\" data-element_type=\"widget\" data-widget_type=\"image.default\">\n\t\t\t\t<div class=\"elementor-widget-container\">\n\t\t\t\t\t\t\t\t\t\t\t\t\t\t\t\t<a href=\"https:\/\/terakids.pl\/\">\n\t\t\t\t\t\t\t<img width=\"580\" height=\"126\" src=\"https:\/\/terakids.pl\/wp-content\/uploads\/2022\/06\/logo-TERA-KIDS-new.jpg\" class=\"attachment-large size-large\" alt=\"\" loading=\"lazy\" srcset=\"https:\/\/terakids.pl\/wp-content\/uploads\/2022\/06\/logo-TERA-KIDS-new.jpg 591w, https:\/\/terakids.pl\/wp-content\/uploads\/2022\/06\/logo-TERA-KIDS-new-300x65.jpg 300w\" sizes=\"(max-width: 580px) 100vw, 580px\" \/>\t\t\t\t\t\t\t\t<\/a>\n\t\t\t\t\t\t\t\t\t\t\t\t\t\t\t<\/div>\n\t\t\t\t<\/div>\n\t\t\t\t\t<\/div>\n\t\t<\/div>\n\t\t\t\t<div class=\"elementor-column elementor-col-20 elementor-top-column elementor-element elementor-element-112b76a\" data-id=\"112b76a\" data-element_type=\"column\">\n\t\t\t<div class=\"elementor-widget-wrap elementor-element-populated\">\n\t\t\t\t\t\t\t\t<div class=\"elementor-element elementor-element-96843dc elementor-widget elementor-widget-text-editor\" data-id=\"96843dc\" data-element_type=\"widget\" data-widget_type=\"text-editor.default\">\n\t\t\t\t<div class=\"elementor-widget-container\">\n\t\t\t\t\t\t\t<p>Organ prowadz\u0105cy&nbsp;<\/p>\n<p>Niepubliczne Plac\u00f3wki TERA\u2014KIDS  :&nbsp;<\/p>\n<p><strong><span style=\"font-size: inherit; text-align: inherit; background-color: transparent; letter-spacing: -0.015em;\">Fundacja PARADYGMAT<\/span><\/strong><\/p>\n<p><span style=\"font-size: inherit; text-align: inherit; background-color: transparent; letter-spacing: -0.015em;\">ul. G\u00f3recka 10<\/span><\/p>\n<p><span style=\"font-size: inherit; text-align: inherit; background-color: transparent; letter-spacing: -0.015em;\">43-430 Skocz\u00f3w<\/span><\/p>\n<p><span style=\"font-size: inherit; text-align: inherit; background-color: transparent; letter-spacing: -0.015em;\">tel.: +48 794 221 101<\/span><\/p>\n<p><span style=\"font-size: inherit; text-align: inherit; background-color: transparent; letter-spacing: -0.015em;\">e-mail: fundacjaparadygmat@gmail.com<\/span><\/p>\n<p><strong><span style=\"font-size: inherit; text-align: inherit; background-color: transparent; letter-spacing: -0.015em;\">www.paradygmat.org<\/span><\/strong><\/p>\t\t\t\t\t\t<\/div>\n\t\t\t\t<\/div>\n\t\t\t\t\t<\/div>\n\t\t<\/div>\n\t\t\t\t<div class=\"elementor-column elementor-col-20 elementor-top-column elementor-element elementor-element-5dd645b\" data-id=\"5dd645b\" data-element_type=\"column\">\n\t\t\t<div class=\"elementor-widget-wrap elementor-element-populated\">\n\t\t\t\t\t\t\t\t<div class=\"elementor-element elementor-element-3ecc13e elementor-widget elementor-widget-image\" data-id=\"3ecc13e\" data-element_type=\"widget\" data-widget_type=\"image.default\">\n\t\t\t\t<div class=\"elementor-widget-container\">\n\t\t\t\t\t\t\t\t\t\t\t\t\t\t\t\t<a href=\"https:\/\/paradygmat.org\/\">\n\t\t\t\t\t\t\t<img width=\"580\" height=\"184\" src=\"https:\/\/terakids.pl\/wp-content\/uploads\/2022\/06\/logo-PARADYGMAT.png\" class=\"attachment-large size-large\" alt=\"\" loading=\"lazy\" srcset=\"https:\/\/terakids.pl\/wp-content\/uploads\/2022\/06\/logo-PARADYGMAT.png 700w, https:\/\/terakids.pl\/wp-content\/uploads\/2022\/06\/logo-PARADYGMAT-300x95.png 300w\" sizes=\"(max-width: 580px) 100vw, 580px\" \/>\t\t\t\t\t\t\t\t<\/a>\n\t\t\t\t\t\t\t\t\t\t\t\t\t\t\t<\/div>\n\t\t\t\t<\/div>\n\t\t\t\t\t<\/div>\n\t\t<\/div>\n\t\t\t\t<div class=\"elementor-column elementor-col-20 elementor-top-column elementor-element elementor-element-9fbf11f\" data-id=\"9fbf11f\" data-element_type=\"column\">\n\t\t\t<div class=\"elementor-widget-wrap\">\n\t\t\t\t\t\t\t\t\t<\/div>\n\t\t<\/div>\n\t\t\t\t\t\t\t<\/div>\n\t\t<\/section>\n\t\t\t\t<section class=\"elementor-section elementor-top-section elementor-element elementor-element-a26954d elementor-section-boxed elementor-section-height-default elementor-section-height-default\" data-id=\"a26954d\" data-element_type=\"section\">\n\t\t\t\t\t\t<div class=\"elementor-container elementor-column-gap-default\">\n\t\t\t\t\t<div class=\"elementor-column elementor-col-100 elementor-top-column elementor-element elementor-element-a0cf1ce\" data-id=\"a0cf1ce\" data-element_type=\"column\">\n\t\t\t<div class=\"elementor-widget-wrap elementor-element-populated\">\n\t\t\t\t\t\t\t\t<div class=\"elementor-element elementor-element-c876759 elementor-widget elementor-widget-text-editor\" data-id=\"c876759\" data-element_type=\"widget\" data-widget_type=\"text-editor.default\">\n\t\t\t\t<div class=\"elementor-widget-container\">\n\t\t\t\t\t\t\t<p><a href=\"https:\/\/terakids.pl\/?page_id=430\" target=\"_blank\" rel=\"noopener\">Polityka prywatno\u015bci\u00a0<\/a>\u00a0 \u00a0 \u00a0|\u00a0 \u00a0 <a href=\"https:\/\/terakids.pl\/?page_id=445\" target=\"_blank\" rel=\"noopener\">\u00a0RODO<\/a><\/p>\t\t\t\t\t\t<\/div>\n\t\t\t\t<\/div>\n\t\t\t\t\t<\/div>\n\t\t<\/div>\n\t\t\t\t\t\t\t<\/div>\n\t\t<\/section>\n\t\t\t\t\t\t\t<\/div>\n\t\t","protected":false},"excerpt":{"rendered":"<p>Niepubliczne Przedszkole TERA-KIDS w Rybniku Kontakt Niepubliczne Przedszkole TERA-KIDS w Rybniku ul. Osiedle Po\u0142udnie 57 b i 58 b 44-253 Rybnik e-mail: terakidsrybnik@gmail.com Organ prowadz\u0105cy&nbsp; Niepubliczne Plac\u00f3wki TERA\u2014KIDS :&nbsp; Fundacja PARADYGMAT ul. G\u00f3recka 10 43-430 Skocz\u00f3w tel.: +48 794 221 101 e-mail: fundacjaparadygmat@gmail.com www.paradygmat.org Polityka prywatno\u015bci\u00a0\u00a0 \u00a0 \u00a0|\u00a0 \u00a0 \u00a0RODO<\/p>\n","protected":false},"author":2,"featured_media":0,"parent":0,"menu_order":0,"comment_status":"closed","ping_status":"closed","template":"elementor_header_footer","meta":{"om_disable_all_campaigns":false,"_monsterinsights_skip_tracking":false,"_monsterinsights_sitenote_active":false,"_monsterinsights_sitenote_note":"","_monsterinsights_sitenote_category":0},"_links":{"self":[{"href":"https:\/\/terakids.pl\/index.php?rest_route=\/wp\/v2\/pages\/133"}],"collection":[{"href":"https:\/\/terakids.pl\/index.php?rest_route=\/wp\/v2\/pages"}],"about":[{"href":"https:\/\/terakids.pl\/index.php?rest_route=\/wp\/v2\/types\/page"}],"author":[{"embeddable":true,"href":"https:\/\/terakids.pl\/index.php?rest_route=\/wp\/v2\/users\/2"}],"replies":[{"embeddable":true,"href":"https:\/\/terakids.pl\/index.php?rest_route=%2Fwp%2Fv2%2Fcomments&post=133"}],"version-history":[{"count":54,"href":"https:\/\/terakids.pl\/index.php?rest_route=\/wp\/v2\/pages\/133\/revisions"}],"predecessor-version":[{"id":993,"href":"https:\/\/terakids.pl\/index.php?rest_route=\/wp\/v2\/pages\/133\/revisions\/993"}],"wp:attachment":[{"href":"https:\/\/terakids.pl\/index.php?rest_route=%2Fwp%2Fv2%2Fmedia&parent=133"}],"curies":[{"name":"wp","href":"https:\/\/api.w.org\/{rel}","templated":true}]}}